{"id":8672,"date":"2014-10-30T11:21:49","date_gmt":"2014-10-30T10:21:49","guid":{"rendered":"http:\/\/dilf.bloggersdelight.dk\/?page_id=2"},"modified":"2022-11-30T11:07:18","modified_gmt":"2022-11-30T11:07:18","slug":"om-dilf","status":"publish","type":"page","link":"https:\/\/dilfbloggen.dk\/?page_id=8672","title":{"rendered":"Hvem Er DILF"},"content":{"rendered":"<p><a href=\"\/wp-content\/uploads\/2014\/10\/IMG_20141101_135917.jpg\"><img decoding=\"async\" loading=\"lazy\" class=\"alignnone size-full wp-image-5380\" src=\"\/wp-content\/uploads\/2014\/10\/IMG_20141101_135917.jpg\" alt=\"IMG_20141101_135917\" width=\"980\" height=\"551\"><\/a><br \/>\nJeg hedder <a href=\"http:\/\/da.wikipedia.org\/wiki\/Martin_Veltz\" target=\"_blank\" rel=\"noopener\">Martin Veltz<\/a> og jeg er f\u00f8dt i 1976 og er far til Liva p\u00e5 10 \u00e5r og Alva p\u00e5 4 \u00e5r. Jeg bor i en lejlighed p\u00e5 65 km2 p\u00e5 N\u00f8rrebro, hvor jeg hygger mig meget med mine piger og min k\u00e6reste.<\/p>\n<p>Jeg begyndte at blogge i starten af 2014 sidel\u00f8bende med at jeg lavede eftermiddagsradio p\u00e5 Radio 100 i programmet &#8220;K\u00f8r hjem med Veltz&#8221;. Lige siden har jeg v\u00e6ret glad for at blogge, om min egen dagligdag eller n\u00e5r jeg er sammen med mine piger. Det er fedt at se tilbage p\u00e5 de ting man oplever som en slags online dagbog, hvilket driver mig meget til at skrive.<\/p>\n<p>I min fritid l\u00f8ber jeg, spiller tennis og dyrker lidt styrketr\u00e6ning. Jeg har holdt mig aktiv i mange \u00e5r nu og er som noget nyt begyndt at fokusere min tr\u00e6ning mod livskvalitet fremfor fysiske resultater. Jeg er ikke tr\u00e6ningsfreak eller sundhedsmanisk, vil bare gerne leve et langt liv hvor jeg kan v\u00e6re aktiv for mig selv og mine t\u00f8ser.<\/p>\n<p>Du kunne evt. bes\u00f8ge min hjemmeside <a href=\"http:\/\/veltz.dk\/\" target=\"_blank\" rel=\"noopener\">VELTZ.DK<\/a> som er mit firma hvor jeg som selvst\u00e6ndig har sl\u00e5et mine kreative folder siden 2007.<\/p>\n","protected":false},"excerpt":{"rendered":"<p>Jeg hedder Martin Veltz og jeg er f\u00f8dt i 1976 og er far til Liva p\u00e5 10 \u00e5r og Alva p\u00e5 4 \u00e5r. Jeg bor i en lejlighed p\u00e5 65 km2 p\u00e5 N\u00f8rrebro, hvor jeg hygger mig meget med mine piger og min k\u00e6reste. Jeg begyndte at blogge i starten af 2014 sidel\u00f8bende med at [&hellip;]<\/p>\n","protected":false},"author":2,"featured_media":0,"parent":0,"menu_order":0,"comment_status":"closed","ping_status":"closed","template":"","meta":[],"_links":{"self":[{"href":"https:\/\/dilfbloggen.dk\/index.php?rest_route=\/wp\/v2\/pages\/8672"}],"collection":[{"href":"https:\/\/dilfbloggen.dk\/index.php?rest_route=\/wp\/v2\/pages"}],"about":[{"href":"https:\/\/dilfbloggen.dk\/index.php?rest_route=\/wp\/v2\/types\/page"}],"author":[{"embeddable":true,"href":"https:\/\/dilfbloggen.dk\/index.php?rest_route=\/wp\/v2\/users\/2"}],"replies":[{"embeddable":true,"href":"https:\/\/dilfbloggen.dk\/index.php?rest_route=%2Fwp%2Fv2%2Fcomments&post=8672"}],"version-history":[{"count":1,"href":"https:\/\/dilfbloggen.dk\/index.php?rest_route=\/wp\/v2\/pages\/8672\/revisions"}],"predecessor-version":[{"id":8713,"href":"https:\/\/dilfbloggen.dk\/index.php?rest_route=\/wp\/v2\/pages\/8672\/revisions\/8713"}],"wp:attachment":[{"href":"https:\/\/dilfbloggen.dk\/index.php?rest_route=%2Fwp%2Fv2%2Fmedia&parent=8672"}],"curies":[{"name":"wp","href":"https:\/\/api.w.org\/{rel}","templated":true}]}}